 i(j)?
27
Let y be (4/14)/((1920/(-21))/(-10) - 9). Let c(u) be the first derivative of 1/4*u**4 + 30 - 2/3*u**3 + y*u - 5/2*u**2. What is c(3)?
-4
Let w(p) = -p**3 - 3*p**2 + 3*p + 9. Let f be 14 - (-54)/(-6) - 11. Determine w(f).
99
Let f = -6846 + 6842. Let d(t) = -10*t - 36. What is d(f)?
4
Let p = 1407 + -1413. Let z(y) = y**3 + 5*y**2 + 7*y + 3. Let q(w) = 2*w**3 + 9*w**2 + 14*w + 7. Let g(x) = 2*q(x) - 5*z(x). What is g(p)?
5
Let d(h) = h**2 - 76*h + 1127. Let k be d(56). Let c(a) = a**2 - 9*a - 2. What is c(k)?
-16
Let f(d) = -d**2 + d + 1. Let i be ((-280)/25)/((-8)/20). Suppose -60*p + i = -53*p. Determine f(p).
-11
Suppose -o = -5*g + 3, -4*o - 4*g = -2*o - 8. Let r(y) = -635*y**2 - 2*y + y - 3 - 5*y + 634*y**o. Determine r(-6).
-3
Let p(j) = -23*j**2 + 4*j + 11. Let l = -3191 + 3189. Calculate p(l).
-89
Let p(t) be the second derivative of t**3/6 - 3*t**2 + t. Let v be 12 + 5*5/(-5). Let s(a) = a - 7. Let l(m) = v*p(m) - 6*s(m). Determine l(3).
3
Suppose -161*z + 158*z + v = -2, 36 = 5*z + 3*v. Let y(l) = 2*l**3 - 2*l**2 + 2*l - 13. Determine y(z).
29
Let l(u) be the third derivative of u**4/3 + 35*u**3/6 + 9*u**2 + 15*u + 5. What is l(-6)?
-13
Let x(i) = 2*i + 13. Let w be (-2)/6*0/7 + -3. Let k(m) = 14*m + 36. Let t be k(w). What is x(t)?
1
Let f(y) = -2*y**2 + 26*y - 18. Let u be f(12). Let n(g) = 5*g - g - 7 + g - 6*g**2 + g**3. Determine n(u).
23
Let w(v) = 5*v**2 - 3*v + 5. Let u(a) = 9*a**2 - 5*a + 10. Let s(f) = -6*u(f) + 11*w(f). Suppose -24*d + 4*p = -25*d, -10 = 2*d - 2*p. Determine s(d).
23
Let d(k) be the second derivative of -k**3/3 - k**2/2 - 2*k - 28. Let j(r) = -r**2 - 9*r - 12. Let n be j(-7). Give d(n).
-5
Let q(p) = -2*p**2 + 16*p - 7. Let v(x) = -3*x**2 + 174*x - 136. Let m be v(56). Let g = m + -192. Give q(g).
-7
Suppose 4*l + 2*l - 36 = 0. Suppose 0 = -2*o + 18 + l. Suppose 9*a - 12*a = -o. Let k(j) = 5*j - 6. Determine k(a).
14
Let k(z) = -3*z - 112 + 200 - 24. Determine k(21).
1
Let x(p) = 11*p + 1. Suppose 2*m - 10 = -3*l, -m + 7*l + 2 = 8*l. What is x(m)?
-43
Let a(m) = m**3 - 57*m**2 - 85*m + 1543. Let f be a(58). Let w(l) = 16*l + 363. Determine w(f).
-5
Let u(h) be the first derivative of 11*h**3/3 - h - 992. Let q = 2 - 1. Suppose q - 5 = 4*l. Determine u(l).
10
Suppose 0 = 4*z - 0*z - 128. Suppose -8 = o + z. Let n = -43 - o. Let w(c) = c**3 + 5*c**2 + 3*c. Give w(n).
9
Let c = 155 + -149. Let w(h) = 7*h**3 - 3*h**2 + 9*h - 3. Let b(a) = -2*a**3 + 2*a**2 - 1. Let k(r) = 4*b(r) + w(r). What is k(c)?
11
Let q(c) = 2*c**2 - c - 1. Let j be (10*(-24)/(-80))/((-3)/(-76)). Suppose 6*x + j = -32*x. Give q(x).
9
Let f(k) = 155*k + 350. Let z(g) = 831*g + 1751. Let j(y) = 11*f(y) - 2*z(y). Calculate j(-8).
4
Let u(d) be the first derivative of -d**3/3 + d**2/2 - d - 55. Suppose 0 = 16*l - 17*l. What is u(l)?
-1
Let v(p) = p**2 - 7*p - 22. Let l be v(10). Let s(w) = 2*w - 8827*w**2 + 7 + 8823*w**2 - l*w + 0*w + w**3. What is s(5)?
2
Suppose -2*z + 0*z - 4 = 0. Let c = 87 + -85. Let j(i) = -555 + 5*i + c*i - 3*i + 558. Give j(z).
-5
Let i be 0/47*(4/12*15 - 4). Let y(z) be the second derivative of -1/2*z**2 + 1/4*z**4 + 18*z + 0 + i*z**3 + 1/20*z**5. Determine y(-3).
-1
Let s(w) = 3*w**2 - 5*w - 2. Suppose -3*d - 15 = -3*m, -98*d + 103*d = -5*m - 5. Determine s(d).
40
Let c(b) = 21 - 47 + b + 60 + 13. Give c(7).
54
Let y(w) = 2*w + 16. Let d = -3856 - -3840. Calculate y(d).
-16
Suppose 0 = 2*k - 20 + 6. Let t = k + -11. Let l(g) be the third derivative of -g**5/60 - g**4/6 - g**3/6 + 13*g**2 - 2*g + 81. What is l(t)?
-1
Let r(t) = -57*t**2 - 60*t**2 - 58*t**2 + 58*t + 171*t**2 + 24. Give r(15).
-6
Let c(x) be the first derivative of x**3/3 + 6*x**2 - 4*x - 30. Let b(l) = l**2 + 10*l - 5. Let o(p) = 4*b(p) - 3*c(p). Give o(-7).
13
Let t be ((-43)/((-1290)/(-20)))/(4/30). Let b(k) = -30*k - 4 + 15*k + 14*k. Determine b(t).
1
Let d(l) = -l**3 + 4*l**2 + 12*l - 3. Suppose -t = -3*j + 15, 2*j - 3*t = -2 + 5. What is d(j)?
-3
Suppose -6*g = -g - 85. Let s = -88 + g. Let z = -74 - s. Let v(k) = -k**2 - k - 4. What is v(z)?
-10
Let y(k) = -3*k**2 - 3*k + 25. Suppose -215*z = -205*z + 40. Give y(z).
-11
Suppose -x + 4 = 0, 4*t - 24 = x + 20. Let u(m) = 16*m + 7 - t*m - 6. Determine u(-1).
-3
Suppose -61*p = -65*p + 8. Suppose 5*q + 6 = p*l - l, 0 = -5*l - 20. Let x(i) = 2*i**2 - i - 4. Calculate x(q).
6
Let w(a) be the second derivative of -a**5/60 + 7*a**4/24 + a**3 + 15*a**2 - a - 16. Let m(c) be the first derivative of w(c). Determine m(7).
6
Suppose b + 5 = -4*b. Let p be (b/(-2))/(95/(-50) + 2). Let t(k) be the second derivative of k**5/20 - k**4/3 - 5*k**3/6 - 7*k**2/2 - 9*k + 1. What is t(p)?
-7
Let l be (-4)/6*(6 + -5)*-15. Suppose 0 = 5*q - 3*f + 77, 2*f + 2*f = -2*q - l. Let b = q + 16. Let i(v) = -v**3 + 4*v**2 - v + 3. What is i(b)?
9
Let v be 20/(-8) + (-49)/(-2). Suppose 13*j - 69 = v. Let h(s) = 1 - 12*s + j - 9. Calculate h(-1).
11
Let p(k) = k**3 + 5*k**2 - 13*k - 14. Let x be p(-5). Suppose -14*z + 5 = -x. Let i(c) = 5 + 3*c - 4*c**2 + 5*c**3 - 6*c - 4*c**3. What is i(z)?
-7
Let b be (4 + -2 + -2)/(-4). Suppose -23*i + 22*i - 3 = b. Let k(h) = 2*h**3 + 4*h**2 - h. What is k(i)?
-15
Let l(t) = t**3 + 8*t**2 + 8. Suppose 3*g = 4*s + 34, 4*g + 25 - 33 = 0. Determine l(s).
57
Suppose -11*x + 14*x - 6 = 0. Let v(u) = 46 + u**x + 47 - 87 - 3*u - u. Let b be (4*(-10)/4)/(-2). Give v(b).
11
Let a be -9*(-6 + 9)/(-54). Let n(v) be the third derivative of -15*v**2 + 0*v + a*v**3 + 0 + 1/24*v**4. What is n(-6)?
-3
Let d(r) = -r**3 + 2*r**2 + 5*r - 2. Suppose 3*g - 5 = 2*g. Suppose 3*i - 98 = g*i. Let s = i + 53. Calculate d(s).
-14
Let g(h) = 2*h**2 - 24*h - 17. Let v(c) = c**2 - 13*c - 9. Let t(a) = 6*a - 39. Let w be t(6). Let n(d) = w*g(d) + 5*v(d). Give n(8).
-2
Let j be 7/((-7)/(-2)) + 30/3. Suppose -2*l - 5*o + 21 = -3*l, -3*l - j = 2*o. Let a(f) = f**2 + 3*f - 4. Give a(l).
14
Let n = -278 - -285. Suppose -5*g + 4*q = 3, -n*q = g - 3*q + 15. Let h(o) = o**3 + 3*o**2 + 2*o + 1. Give h(g).
-5
Let i(j) = -j**3 + 19*j**2 - 23*j - 42. Suppose -329*h + 43 = -328*h + 5*u, h - 23 = -u. Give i(h).
-132
Let h = 3 - -5. Let x(a) = 80*a**2 - 55*a - 35. Let i(k) = -37*k**2 + 26*k + 16. Let g(d) = 13*i(d) + 6*x(d). Determine g(h).
-2
Suppose 5*y + 10*c - 8*c = -21, 0 = 3*y + 4*c + 7. Let v(r) = -r**3 - 7*r**2 - 7*r - 6. What is v(y)?
-21
Let a(j) be the third derivative of -29*j**4/24 - 85*j**3/6 + 232*j**2 + 13*j. What is a(-3)?
2
Let t(x) be the second derivative of x**4/12 - 8*x**3/3 - 4*x**2 + 2557*x. Determine t(10).
-68
Suppose 0*y + 18 = 2*y. Let o(z) = 2*z - 2. Suppose -5*k - 3*g + 3 = -14, g + 1 = 0. Let u(r) = -4*r + 3. Let v(j) = k*u(j) + y*o(j). Calculate v(7).
8
Suppose -1430 = 55*d - 165*d. Let k(x) = x**2 - 15*x + 3. Determine k(d).
-23
Suppose y + 3*p = -2*y, -2*y - 4 = 3*p. Suppose 12 = -y*d, 3*d = 3*x + 2*d - 21. Let m(q) = -4*q**3 - 6*q**2 - 4*q + 3 + 0*q + 5*q**3. Give m(x).
-21
Suppose -2*t = 4*s - 2 - 0, 3*s = -3. Let j(h) = -55 + 109 - 58 + 0*h - t*h. Calculate j(-4).
8
Let v(h) = -h + 32*h**2 - h + 16*h**2 - 44*h**2 + 0 - 1. Give v(2).
11
Suppose -5*b - 37 - 38 = -4*z, -5 = z. Let g(y) = -y**3 - 17*y**2 + 38*y + 6. What is g(b)?
6
Suppose 3*v + 3*s = -39, -10*s + 13*s = -2*v - 25. Let h(b) = 5*b + 14. Determine h(v).
-56
Let u(t) = -t**3 + 3*t**2 + 2. Suppose 57 = 21*n - 18*n. Suppose 20 = 4*d, 4*g - n - 1 = -4*d. Suppose -12 = -4*q - i, 2*q + g*q = -i + 4. Give u(q).
-14
Let t(o) = o**3 - 4*o**2 + 5*o + 1. Let r = 618 + -603. Let u = r + -11. What is t(u)?
21
Let w be 2/(-5) - (4 - 6093/45). Let l(a) = 79 + 72 + a**2 - w. What is l(0)?
20
Let q(k) = -22*k + 51. Suppose 18*y - 14644 = -14608. Give q(y).
7
Let u(k) be the first derivative of k**4/2 + 35*k**3/3 + 9*k**2/2 - 24*k - 4680. Calculate u(-17).
112
Let t(g) = 7 - 23*g + 6 - 1 - 8 - 5. Calculate t(3).
-70
Let k(h) = -11*h**3 - 2*h**2 - 3*h - 1. Suppose 2*r = -4, 5*f + 46*r = 43*r - 11. Calculate k(f).
11
Let g(z) = 2*z**2 + z - 55. Suppose -q + 6 = 0, -21*u + 16*u = -5*q + 5. Calculate g(u).
0
Suppose 143 - 123 = -4*f. Suppose 703 = 10*l - 367. Let o(x) = x - 211 + 114 + l. Give o(f).
5
Let v(d) = -3*d**2 - 9*d - 19. Suppose 3*g + 4*x = -g + 32, 0 = -g + 3*x. Let m(b) = -g*b - 8 + 7 - 2*b**2 - 12. Let z(c) = 7*m(c) - 5*v(c). Give z(-